omposite?
True
Let h be 3562/(-8) - (-9)/36. Suppose 0 = -2*b + 4*v + 233 - 833, 2*v - 4 = 0. Let s = b - h. Is s composite?
False
Suppose -10964 = s - 3*p, 3*s + 3*p + 5002 = -27866. Let h = s - -23007. Is h a composite number?
False
Suppose -17*r = -16*r + 5*x - 122885, -4*r + 2*x + 491408 = 0. Is r prime?
False
Let r = 249546 - 103187. Is r a prime number?
True
Let s(w) be the third derivative of -141*w**4/8 + 19*w**3/3 + w**2 - 22. Is s(-5) prime?
True
Let d(c) = -13*c**3 - 11*c**2 - 13*c + 2. Let i be d(-6). Let x = 20117 + i. Suppose -5*n - 3644 = -x. Is n a prime number?
True
Let r(v) = 276*v + 48. Let l(t) = 29*t + 5. Let h(z) = 48*l(z) - 5*r(z). Let w be h(4). Let s = 61 - w. Is s a composite number?
False
Suppose -266762 - 106671 = -144*j - 19*j. Is j prime?
False
Let m(a) = 329*a - 135. Suppose 7*t = 2*t + 4*b + 106, b - 23 = -t. Is m(t) a composite number?
False
Suppose -k = 4*y - 20057, 6676 = 3*y + 4*k - 8383. Let x be (10/1)/5 + y. Suppose 5*u + h - x = -h, 5*h = -3*u + 3009. Is u prime?
False
Suppose x + 2*x - 12 = 0. Let i be (-11*4/(-66))/(6/7569). Suppose 5*z = -x*j + i, -6*j + 11*j - 4*z = 1041. Is j a composite number?
True
Let p(r) = 3*r**2 - 9*r + 5. Let n be p(3). Suppose -n*m - 4102 = -7*m. Is m a composite number?
True
Suppose 4*a + 0 - 12 = 0. Suppose -a*i - 2*s = -5*i + 6, 4*i + 5*s = -15. Suppose 2*t + 2*t = -5*m + 529, i = -2*m - 4*t + 202. Is m composite?
False
Suppose 75*y - 20588 - 161698 = 71889. Is y composite?
False
Let m = 33 - 30. Let g(y) = 44*y**2 + 9*y - 2. Let q(v) = -44*v**2 - 10*v + 1. Let k(c) = 6*g(c) + 5*q(c). Is k(m) composite?
False
Suppose 4*i = 5*d + 37314 + 187064, 5*i + d = 280516. Is i a prime number?
False
Let y = 786861 - 245900. Is y a prime number?
True
Suppose 0 = 4*p + c + 635, -c + 374 = -3*p - 104. Let s = 514 + p. Is s a composite number?
True
Suppose -16*d - 101 = 251. Is 5/(15/6)*(-32989)/d a prime number?
True
Suppose 2*i + 340326 = 1059161 + 357119. Is i a composite number?
True
Suppose 2*j - 1 = 3, 2*o + 18 = -j. Let a be ((o - -13) + 2/2)/2. Suppose 0 = 3*y - 15, -4*w = y + a*y - 6859. Is w a prime number?
False
Suppose 0 = -4*j + 3*f + 29571, 3*j - 18420 - 3759 = 3*f. Suppose 21903 = 7*t + j. Is t prime?
False
Suppose -4*a + 26 = -2*b, 0*a - 4*b = 2*a - 8. Suppose -5*s + 2*u = 30, 2*u + 0 = -s + a. Is (1227/s)/(33/(-44)) a composite number?
False
Suppose -2*p + 22 = -5*d, -82 - 6 = -4*p - d. Suppose -7850 = -31*t + p*t. Is t a composite number?
True
Let o(z) = -4*z + 41. Let x be o(9). Suppose 3*p = 5*u + 8, 4*p - 4*u - x = 3*p. Suppose 4*h - g = 18818, 1 = g - p. Is h prime?
False
Let n = 42 - -12. Let r = -56 + n. Let i(j) = -631*j - 1. Is i(r) a composite number?
True
Let a(s) = -2*s**3 - s**2 - s - 1. Let o be a(-1). Is 6586/((-1)/o - -3) a prime number?
False
Let a = 262598 + -128407. Is a a composite number?
False
Let y(n) be the third derivative of -241*n**4/12 + 19*n**3/6 - 15*n**2. Let f(j) = -723*j + 29. Let h(i) = 5*f(i) - 8*y(i). Is h(6) prime?
True
Suppose 0 = 2327*i - 2320*i - 2782619. Is i prime?
True
Suppose 4*g - 5*s + 32 - 4 = 0, -4*s + 24 = -4*g. Is 1 + g + (4413 - (9 - 8)) a prime number?
False
Let j(a) = 9*a - 14. Let q be j(7). Suppose 4*y - 21 = -1. Suppose 6*h - 3*h - 180 = y*c, -h - 2*c + q = 0. Is h a composite number?
True
Suppose -5*q - 4*v + 981153 - 299630 = 0, -2*q - 5*v + 272616 = 0. Is q a prime number?
True
Suppose -23*b + 28*b = 15. Suppose 2*f = -b*m - 3764, f + 3*f + 1238 = -m. Let k = 1603 - m. Is k composite?
False
Let u(o) = -79*o**3 + 40*o + 103. Is u(-8) composite?
False
Suppose -579*z + 576*z + 3*a = -1805367, -4*z + 2407176 = a. Is z prime?
False
Suppose 4*v + 2*d + 2*d = -8, -v - 2*d = 6. Suppose 2*x - k - 1398 = 0, -x + v*x - k - 697 = 0. Is x prime?
True
Suppose 32 = -8*l - 8*l. Is -2 + 2 - (l + -3845) prime?
True
Suppose -10*c - 14354993 = -7*c - 74*c. Is c composite?
False
Suppose -496 - 17404 = 4*p. Let a be (176/154)/(2*2/(-14)). Is p/(-20) + 3/a composite?
False
Let f = -356323 + 611282. Is f composite?
False
Is ((-48)/12)/28*-4190291 prime?
True
Suppose 17*w - 23280 = 2866. Let x = w - -3629. Is x prime?
True
Let l(c) = -37*c + 106. Let t be l(2). Is (82581/(-2))/((-48)/t) a prime number?
True
Is 1/(1/2)*2674/4 a prime number?
False
Let o = -480 - -495. Let k = 7 + -7. Suppose -j + 5*z - 2*z = -5074, k = -3*z + o. Is j a prime number?
False
Let b(y) = 4*y - 10. Suppose 2*h + 0 - 6 = 0. Let w be b(h). Suppose a + w = 2*a, 2*n + 3*a - 1604 = 0. Is n prime?
False
Suppose 3*p - 17 = p - m, -4*m + 12 = 0. Suppose p*g + 815 - 8592 = 0. Is g a prime number?
False
Let i be ((-8)/12)/((-3)/279). Let p = 45 - i. Let k = 238 + p. Is k composite?
True
Suppose 774705 = -2*b + 7*b + 10*b. Is b a composite number?
False
Let v = 7404 + -5174. Suppose -574 = -4*g + v. Suppose 62 = -3*j + g. Is j a prime number?
False
Suppose 323*g - 163*g - 22718 = 158*g. Is g composite?
True
Suppose -5*l = -0*l - 5*n + 40, -4 = 3*l + n. Is ((-15)/10)/(l/3802) prime?
True
Suppose -5*j - 13 - 7 = 0. Let s be (-5 + 47)/((-6)/j). Let q = 42 - s. Is q a composite number?
True
Let i(t) = 21*t**2 - 34*t - 1535. Is i(72) prime?
False
Suppose -21898758 - 14776191 = -55*q - 14*q. Is q composite?
False
Suppose 5*i + 5*f = 3*f - 2252, 0 = -2*i - 5*f - 884. Let v = 217 - i. Suppose o - 4*o + v = 0. Is o prime?
True
Suppose 367*i = 364*i + 31500. Let u = i + -2962. Is u composite?
True
Let j(l) = -544*l**2 + 6*l - 10. Let q(u) = -9*u - 5. Let s be q(-1). Let h(k) = 272*k**2 - 3*k + 5. Let o(i) = s*j(i) + 9*h(i). Is o(2) prime?
True
Suppose 0 = -2*r - 2, -5*r - 39 = x - 0*x. Let i = x - -34. Suppose 829 = p + 5*d, 2*p - 1686 = -i*p + 4*d. Is p prime?
True
Let q be 0/(-6) - (-13285)/5. Let o = q - 1486. Is o a composite number?
False
Let j be -4*6*2/4. Is 224409/45 - j/90 a composite number?
False
Let p = -34 - -34. Suppose 2*w = -5*u - p + 1, 2*w - 10 = -2*u. Is (17 + -45)*(78/w)/(-3) a prime number?
False
Let i(j) be the second derivative of 2*j**4 - j**3/3 - 15*j**2/2 - 2*j - 12. Is i(-4) a prime number?
False
Suppose 9 = 3*a - 0. Let w be ((-21)/(-6) + -2)/(a/(-124)). Let m = w - -675. Is m a prime number?
True
Let o(i) = 284*i + 11. Let z be 2 - 6 - (11 - 18). Is o(z) composite?
False
Suppose 80*q - 8107205 = -12*q - 3*q. Is q a composite number?
True
Suppose 4*p - 89220 = 2*d, 4*d - 65147 - 1768 = -3*p. Let h = p + -13796. Is h composite?
True
Let l(r) = 11 - 316*r**2 + 315*r**2 + 113*r**3 + r - 7*r. Is l(2) prime?
False
Suppose 40*a - 3*i + 1699 = 45*a, -4*i - 690 = -2*a. Is a composite?
True
Suppose -6*h + 61807 = p - h, 0 = 2*h + 16. Is p composite?
True
Let u(l) be the first derivative of -40*l**4 - l**2 + 2*l + 11. Let v be u(-3). Suppose -10*q + 14*q - v = 0. Is q prime?
False
Let k(g) = 1094*g**2 + 51*g + 584. Is k(-15) composite?
True
Is (3/2 + (-21 - 23306241/126))*-3 composite?
False
Suppose -4*m + 658 = 2*n - 1166, 0 = 5*n - 4*m - 4490. Suppose s - 1699 = n. Suppose -5*w = -2534 - s. Is w a prime number?
False
Suppose 3*p + 4878 = 2*o, -3*p - 3*o = -2*o + 4869. Suppose 4*x - 2290 = 2*f, 4*f + 3392 + 1188 = 5*x. Let t = f - p. Is t a prime number?
True
Let n be (-3 - 0) + 1 + (-2 - -4). Suppose 11*g = 13*g + 2, n = q - g - 192. Is q prime?
True
Suppose -6*v = 201 + 99. Let d = 53 + v. Suppose d*n - 185 = -l, -l + 184 = -3*n - 1. Is l composite?
True
Suppose -27*y - 4*i = -22*y - 480709, -2*y + 2*i + 192262 = 0. Is y prime?
True
Suppose 3*f - 5*f + 5*k = 12, 4*k = 16. Let v(o) = f + 5*o + 5 - 29*o**2 + 30*o**2. Is v(10) composite?
True
Suppose -4*p + 6*c + 2164368 = 11*c, c - 4 = 0. Is p a prime number?
True
Suppose -173778 = -d + 5*o, 362*o - 361*o - 695133 = -4*d. Is d a composite number?
False
Let v be 3/2*((-128)/24 - -4). Suppose 0 = -2*c + 4*q - 5*q - 52, 3*c = -5*q - 64. Is v/(-4)*(1546 - c) a composite number?
False
Let y(s) = s**3 - 11*s**2 + 12*s - 12. Let b be y(10). Is (-2752)/(-6) - (b - 22/3) a composite number?
True
Suppose 2*u - 193949 = l, -8*l + 13*l + 96952 = u. Is u prime?
False
Suppose 0 = -l + 2*l - 8. Suppose 3*z + l = 2*z. Let q(a) = a**2 - 10*a + 13. Is q(z) composite?
False
Let p(o) = o**3 + o**2 - 2*o + 4. Let y be p(0). Suppose 3*d = -y*k + 3013, -5*d - 5*k + 6*k = -5037. Is d prime?
False
Let h = 727 - 724. Suppose h*q - 1